et t(y) = 5*f(y) + 2*p(y). Suppose -4*g = -2*k - 36, -25 = 10*k - 5*k + 3*g. Calculate t(k).
7
Suppose 3*x = n + 13, 20 = -2*n - 2*n + 4*x. Let p(r) = r - 21730 + 21730 + r**2. Determine p(n).
0
Let x(j) = -j**2 + 74. Let f be x(9). Let c(n) = -3*n - 22. Determine c(f).
-1
Let y(r) = 2*r + 1. Let p(v) = v + 38. Let q(d) = -13. Let f(n) = -6*p(n) - 17*q(n). Let m be f(0). Give y(m).
-13
Suppose 5*q - 55 = 4*b, 9 - 99 = -5*q - 3*b. Let d = -10 + q. Let y(x) = 11*x + 22. Let t(z) = -7*z - 15. Let r(o) = d*y(o) + 8*t(o). What is r(0)?
-10
Let q be (-1 - -2) + (-30)/(-15). Let v(b) = -11 - 5*b**3 + q*b**3 + 4*b**2 + 3*b**3 + 9 - b. Calculate v(-4).
2
Let h = -5 - -10. Let n(j) be the second derivative of j**3/3 - 3*j**2/2 + 137*j. Calculate n(h).
7
Let q(k) = 6*k**3 + 3*k**2 - 11*k - 11. Let w(y) = y**3 - y**2 - 1. Let m(b) = -q(b) + 5*w(b). Let u(o) = -5*o**2 + 7*o - 3. Let i be u(2). What is m(i)?
-12
Let p(t) = t**2 - 2*t. Let d(f) = 3 - 3 - 2 + 3*f**2 + f. Let x be d(1). What is p(x)?
0
Suppose -11*d + 10*d + 1 = 0. Let l(p) = -1 + d + 2 + 1 + 2*p. Give l(-6).
-9
Suppose 6 = -1158*m + 1155*m. Let f(z) = 4*z**2. Calculate f(m).
16
Let x(s) = s + 2 + 12*s**2 + 5*s + 0*s + s**3 + 5*s. Let v be x(-11). Let j(q) = 2*q**3 + q**3 + 0*q**2 - 4*q**2 - v*q**3 + 2. Determine j(4).
2
Let t(p) = 2*p + 18. Let b(m) = -m**2 + 59*m - 236. Let i be b(4). Give t(i).
-14
Suppose 0 = -3*f - 2*b - 2*b + 24, -10 = -f - 2*b. Suppose f*n + 4 = -0*n. Let s(h) = -83*h**2 + 28*h**2 + 3*h**3 + h + 30*h**2 + 26*h**2. Calculate s(n).
-3
Let l(j) = -5*j**3 - j**2 - j + 1. Let f be l(1). Let o(v) be the first derivative of 46 - 4*v + 1/3*v**3 + 3/2*v**2. Calculate o(f).
14
Let u(f) = -4 + 2*f**3 - 1 - 11*f**2 - 8*f - f**3 + 29*f - 11*f. Give u(10).
-5
Suppose -x + 2 = -4*a + 9, 3*x + 3*a - 9 = 0. Let m be (4 - x) + -3 + 2. Let r(w) = w**3 + w**2 - 2*w. Give r(m).
8
Let m be (-4*3/(-18))/(34/(-51)). Let a(i) = -3*i**3 - 5*i**2 + i + 2*i**2 + 4*i**2 + 1. Determine a(m).
4
Let h(w) = -w**2 - w - 5. Suppose g = 4, -19 - 1 = -4*a - 5*g. Let q(b) = 5*b**2 + a - 8 + 2*b - 4*b**2. Let m be q(-4). What is h(m)?
-5
Let c be (0 + 2 - 4)*2/(-4). Let d(w) = -w**2 + 7*w + 2. Let n be d(7). Let k(l) = n*l + 2*l**2 - 4*l + 4*l**3 - 4 + 5. What is k(c)?
5
Suppose b + 1 = 2*v, 2*b - 6 = -0. Let h(w) = 18*w + 6*w**v + 25*w - 43*w - 1. Give h(-1).
5
Let n(p) be the first derivative of p**3/3 + 3*p**2/2 - 20*p + 1. Let i be n(4). Let v(q) = -q**3 + 8*q**2 - 2*q + 11. Calculate v(i).
-5
Let m(g) = -12 + 7*g**2 + 0 + 3 + 9. Determine m(-1).
7
Let s(v) = 35*v**3 + 35*v**3 + v**2 - v - 62*v**3. Give s(1).
8
Let g(c) be the third derivative of -c**4/8 + 7*c**3/6 - 27*c**2. Calculate g(6).
-11
Let u(z) = z + 1. Let v = -27 + 31. Suppose 5*y = 3*y + v. Calculate u(y).
3
Suppose -3*r + 12 = 0, -j - 2*r = -1 - 8. Let t(c) = 28 + 26 + 22 - 7*c - 13*c - 77. What is t(j)?
-21
Suppose 3*b + 4*o + 0 = 1, 0 = 3*o + 6. Suppose -b = -3*q + 3. Let p(y) = -11*y + y**3 + 13*y - y**2 - q*y**2 - 1. What is p(2)?
-1
Let g(x) be the second derivative of -x**4/12 - 3*x**3/2 + 6*x**2 + 18*x - 2. What is g(-7)?
26
Let q(t) = -4*t**3. Suppose 34 = 4*i - 2*j, 5*i + 0*i - 46 = -j. Let u be (-5)/((3/(-1))/(-6)). Let y = u + i. What is q(y)?
4
Let h(o) = 4*o**3 - 26*o**2 - 11*o + 10. Let r(m) = -m**3 + 5*m**2 + 2*m - 2. Let u(a) = 2*h(a) + 11*r(a). Suppose 0 = 133*c - 137*c + 8. Determine u(c).
-14
Suppose 0 = f + f + 3*k + 12, -f - 4*k - 6 = 0. Let h(l) = 5*l**2 - 2*l - 1. Let r = -10 + 4. Let m(b) = b**2 + b - 1. Let w(y) = r*m(y) + h(y). Determine w(f).
17
Let r = -13 + 7. Let z = r + 10. Let t(q) = -3 - 4*q + 0 + 6*q - 2. Calculate t(z).
3
Let d(p) = -2*p**2 - 77*p - 179. Let m be d(-36). Let y(j) = -2*j**2 - 4*j + 3. Give y(m).
-3
Let r(h) be the second derivative of 5*h**3/6 - 10*h**2 + 478*h. Give r(5).
5
Let u(i) = i**2 - 10*i + 6. Let f(w) = -2*w**2 + 21*w - 12. Let s(x) = -4*f(x) - 9*u(x). Give s(7).
-13
Let u(h) be the second derivative of -5/6*h**3 + 0 + 0*h**2 + 31*h. What is u(-2)?
10
Let d(m) be the third derivative of 1/6*m**3 + 0 + 1/30*m**5 - 17*m**2 + 1/24*m**4 + 0*m. Calculate d(-1).
2
Let a(c) be the second derivative of c**5/20 + c**4/6 - c**3/2 + 5*c**2/2 - 70*c. Determine a(-4).
-15
Suppose 56*a = 61*a + 10. Let w be (0 + 1 + 13)/a. Let j(d) = d**2 + 9*d + 7. Calculate j(w).
-7
Let f(p) = -3*p - 11. Let u(r) = -2*r - 7. Let g(q) = 5*f(q) - 8*u(q). Suppose 219 = 5*a + 2*x, -231 = -4*a - a + 2*x. Suppose -6*n - a = 3*n. Give g(n).
-4
Let n(g) = -g**2 - 6*g + 5. Let p(i) be the third derivative of -i**6/120 + 3*i**5/20 - i**4/12 + 11*i**3/6 + 14*i**2. Let h be p(9). Give n(h).
-2
Let k(y) = 3*y**3 - 8*y**2 - 14*y + 5. Let c(f) = -17*f**3 + 40*f**2 + 71*f - 26. Let o(w) = 2*c(w) + 11*k(w). Give o(-6).
3
Let x be (2 + (-48)/15)/(9/(-30)). Suppose -x*r = 6 + 10. Let k(u) = 2*u + 4. Determine k(r).
-4
Let i(o) = -o - 29. Let m be ((-168)/(-48))/((-34)/(-12) - 3). Give i(m).
-8
Let s(h) = -h + 5. Suppose -a = 3*x - 6*a + 22, -x = -3*a + 10. Let y be -3*(x + 1 + 2)*2. Calculate s(y).
-1
Let c(o) = -o**2 - 18*o - 15. Let b be c(-17). Let p(h) = 3*h + b*h**2 + 0*h + 5 + 0*h - 4. What is p(-2)?
3
Let a(l) = -l**2 - 10*l - 12. Let k be 1 + 1/(-2) + 57/38. Suppose -4*x + 14*d - 13*d - 39 = 0, -k*x = -3*d + 27. Determine a(x).
-3
Let s(f) = -f**3 + 2*f**2 - 3*f. Suppose 2*t - 1 = -w, w = 2*t + 6*w - 5. Let h = t + 10. Suppose -h = -2*k - 3*k. What is s(k)?
-6
Suppose -3*l + 32 = 5*r, -4*r - 8*l + 3*l + 36 = 0. Suppose -17 = -5*u - r*k, 0 = 2*k + k - 9. Let g be 4/6*-3*u. Let p(a) = a**2 - 2. What is p(g)?
2
Let r(v) be the second derivative of -v**5/20 + v**4/4 + v**3/6 + 5*v**2/2 + 1358*v. Suppose 0 = -n - 2 + 6. Give r(n).
-7
Let h(k) = 3*k**3 - k**2 - k. Let r(q) = 10*q**3 - 4*q**2 - 3*q. Let y(s) = -7*h(s) + 2*r(s). Determine y(1).
-1
Let n(o) be the second derivative of -o**3/6 + o**2 - 2180*o. Suppose q - 10 = -4*q. Suppose 3*b - 4*k + k = -6, -q*b + 3*k - 4 = 0. Give n(b).
4
Let f(v) = 4*v**2 - 20*v + 5. Let s(p) = -p**2 + 3*p + 1. Let y(x) = f(x) + 3*s(x). Determine y(5).
-22
Let u(t) = -151*t - 754. Let r be u(-5). Let x(k) = -26*k**2 + k. Give x(r).
-25
Let d(h) = h**2 + 9*h + 10. Let x = 30 - 74. Let j = x + 36. What is d(j)?
2
Let r be ((-3)/(-42))/(75/35). Let x(u) be the third derivative of 0 - 1/24*u**4 + 0*u - 1/120*u**6 + 7*u**2 - r*u**5 - 1/3*u**3. Calculate x(-2).
0
Let d(y) be the third derivative of -y**3/6 + 3*y**2. Let z be 2/2*(2 + -1). Let w(r) = r - 7. Let v(c) = z*w(c) - d(c). Give v(3).
-3
Let g be (-2 - (2 - 0)) + (-18)/(-9). Let k(n) = -7*n**3 - 9*n**2 - 4*n + 5. Let w(b) = 8*b**3 + 10*b**2 + 5*b - 6. Let o(a) = 7*k(a) + 6*w(a). Give o(g).
-9
Let i(r) = 800*r + 2 - 5 - 799*r + 5. What is i(4)?
6
Let u(o) = -3*o**2 - 9*o + 8. Let r(c) = 3*c**2 + 11*c - 11. Let s(k) = 2*r(k) + 3*u(k). Calculate s(-5).
-48
Let k(y) = 11*y - 10*y - y**2 + y**2 - y**2. Let a be k(0). Let z(m) be the first derivative of -m**3/3 - 6*m - 1. What is z(a)?
-6
Let s(i) be the first derivative of -i**4/4 + 3*i**3 - i**2 + 10*i - 121. Calculate s(9).
-8
Let r(c) be the second derivative of -c**5/20 + c**4/12 - c**3/6 + 14*c**2 - 53*c. What is r(0)?
28
Suppose 3*c + 4*h = 10, -2*c = -3*c - 2*h + 4. Let m(x) = x**c + 4*x - 5*x**2 - 19 + 36 - x**3 - 14. Give m(-4).
-13
Let c(x) = 3*x - 3*x - 5*x**2 + x. Let h(m) be the third derivative of m**5/60 - 17*m**3/6 + 30*m**2. Let i be h(-4). What is c(i)?
-6
Let y be 11/(-66)*(0 - 0). Let d(w) = 2*w + 26. Calculate d(y).
26
Let o(s) = -s + 11. Let j(u) = 2*u - 46. Let a(h) = 2*j(h) + 9*o(h). Determine a(11).
-48
Let q be (-2 - 0)*(-28)/40*-5. Let a(j) = -4 + 2*j - 3*j - 8. Give a(q).
-5
Suppose 0*w + 2*w = 0. Let x(y) be the first derivative of -y**3/3 - y**2/2 - 10*y + 6. Calculate x(w).
-10
Let j be 1*-1 + (-1)/(-1). Let i = 2 - j. Let a(z) = -8*z + 3. Let d(r) = -5*r + 2. Let o(f) = 3*a(f) - 5*d(f). Calculate o(i).
1
Let m(r) = -4359*r + 11*r**3 - 1 + 4359*r + 2*r**2. Let w(s) = s**3 + s**2 + s. Let z be w(-1). Determine m(z).
-10
Let o(c) = c - 5. Let f be 2/4*8 + -1 + -3. Suppose f = k - 47 + 39. What is o(k)?
3
Let u(w) be the third derivative of -w**5/60 - 3*w**4/8 - w**3/3 - 6*w**2 + w. Give u(-10).
-12
Let v be -2*10*(-3)/12. Let m(u) be the third derivative of u**